{"id":1506,"date":"2017-07-04T15:04:16","date_gmt":"2017-07-04T13:04:16","guid":{"rendered":"http:\/\/www.playschool.at\/home\/wordpress1\/?page_id=1506"},"modified":"2018-06-18T08:11:31","modified_gmt":"2018-06-18T06:11:31","slug":"datenschutz","status":"publish","type":"page","link":"https:\/\/www.playschool.at\/home\/wordpress1\/datenschutz\/","title":{"rendered":"Datenschutz"},"content":{"rendered":"<p><div class=\"fusion-fullwidth fullwidth-box fusion-builder-row-1 fusion-parallax-none nonhundred-percent-fullwidth non-hundred-percent-height-scrolling\" style=\"--awb-border-radius-top-left:0px;--awb-border-radius-top-right:0px;--awb-border-radius-bottom-right:0px;--awb-border-radius-bottom-left:0px;--awb-padding-top:200px;--awb-padding-bottom:200px;--awb-background-image:url(&quot;http:\/\/www.playschool.at\/home\/wordpress1\/wp-content\/uploads\/2016\/07\/blog-4-banner.jpg&quot;);--awb-background-size:cover;--awb-flex-wrap:wrap;\" ><div class=\"fusion-builder-row fusion-row\"><\/div><\/div><div class=\"fusion-fullwidth fullwidth-box fusion-builder-row-2 nonhundred-percent-fullwidth non-hundred-percent-height-scrolling\" style=\"--awb-background-position:left top;--awb-border-radius-top-left:0px;--awb-border-radius-top-right:0px;--awb-border-radius-bottom-right:0px;--awb-border-radius-bottom-left:0px;--awb-padding-top:80px;--awb-padding-bottom:80px;--awb-border-sizes-top:0px;--awb-border-sizes-bottom:0px;--awb-flex-wrap:wrap;\" ><div class=\"fusion-builder-row fusion-row\"><div class=\"fusion-layout-column fusion_builder_column fusion-builder-column-0 fusion_builder_column_1_1 1_1 fusion-one-full fusion-column-first fusion-column-last\" style=\"--awb-bg-size:cover;\"><div class=\"fusion-column-wrapper fusion-flex-column-wrapper-legacy\"><div class=\"fusion-text fusion-text-1\"><h2 style=\"text-align: center;\"><strong>Datenschutzerkl\u00e4rung der Englischen Spielschule Linz<\/strong><\/h2>\n<\/div><div class=\"fusion-sep-clear\"><\/div><div class=\"fusion-separator\" style=\"margin-left: auto;margin-right: auto;margin-top:0px;margin-bottom:55px;width:100%;max-width:50%;\"><div class=\"fusion-separator-border sep-single sep-dashed\" style=\"--awb-height:20px;--awb-amount:20px;--awb-sep-color:#fb6667;border-color:#fb6667;border-top-width:2px;\"><\/div><\/div><div class=\"fusion-sep-clear\"><\/div><div class=\"fusion-clearfix\"><\/div><\/div><\/div><div class=\"fusion-layout-column fusion_builder_column fusion-builder-column-1 fusion_builder_column_1_1 1_1 fusion-one-full fusion-column-first fusion-column-last\" style=\"--awb-bg-size:cover;\"><div class=\"fusion-column-wrapper fusion-flex-column-wrapper-legacy\"><div class=\"fusion-text fusion-text-2\"><ol>\n<li>Verwendung personenbezogener Daten<\/li>\n<\/ol>\n<p>Die Englische Spielschule erhebt, verarbeitet und verwendet Ihre personenbezogenen Daten und die Ihrer Kinder nur mit Ihrer Einwilligung und bzw. zum Zweck der Erf\u00fcllung der Kinderbetreuung oder wenn eine sonstige rechtliche Grundlage im Einklang mit der DSGVO vorliegt. Es werden nur solche Daten erhoben, die zur Erf\u00fcllung der Kinderbetreuung erforderlich sind und die Sie uns freiwillig zur Verf\u00fcgung gestellt haben.<\/p>\n<p>Selbstverst\u00e4ndlich werden die gesetzlichen, insbesondere die datenschutzrechtlichen und zivilrechtlichen, Bestimmungen eingehalten.<\/p>\n<p>Folgende personenbezogenen Daten k\u00f6nnen betroffen sein:<\/p>\n<ul>\n<li>Daten des Kindes (Name, Adresse, Geburtsdatum, Fotos der Kinder von Ausfl\u00fcgen, Veranstaltungen, etc.)<\/li>\n<li>Daten der Obsorgeberechtigten (Name, Adresse, Telefonnummer, E-Mail-Adresse)<\/li>\n<li>Daten des Notfallkontakts (Name, Telefonnummer)<\/li>\n<\/ul>\n<ul>\n<li>Folgende Zwecke erfordern die Erhebung Ihrer Daten:<\/li>\n<\/ul>\n<ul>\n<li>Betreuung der Kinder<\/li>\n<li>Kommunikation mit Obsorgeberechtigten (Aufnahme, Allgemeine Informationen, Wochenplan, Fotos und Fotolinks, verschiedene Kurse (Schwimmen, Skifahren, etc.), Informationen \u00fcber Feste, Jubil\u00e4en, Meldung ansteckender Krankheiten)<\/li>\n<li>Kommunikation mit Notfallkontakt<\/li>\n<li>Kommunikation mit Beh\u00f6rden (Aufnahme ins st\u00e4dtische Kindergartenregister, Kindergartenpflichtjahr, Nachmittagsbetreuung, Gastbeitrag, meldepflichtige Krankheiten, etc.\u2026)<\/li>\n<\/ul>\n<ol start=\"2\">\n<li>Sicherheit der Daten:<\/li>\n<\/ol>\n<p>Durch entsprechende organisatorische und technische Vorkehrungen sorgen wir f\u00fcr den Schutz Ihrer Daten, insbesondere Schutz vor unerlaubtem Zugriff, Verarbeitung, Verlust, Verwendung und Manipulation. Trotz Einhaltung von hohen Sorgfaltsma\u00dfnahmen kann nicht ausgeschlossen werden, dass durch die \u00dcbermittlung der Daten z.B. per E-Mail (unberechtigte) Dritte Kenntnis erlangen oder eingesehen werden.<\/p>\n<p>Eine Haftung f\u00fcr die Offenlegung von Informationen aufgrund nicht von uns verursachten Fehlern im Rahmen der Daten\u00fcbertragung oder unberechtigtem Zugriff durch Dritte k\u00f6nnen wir nicht \u00fcbernehmen.<\/p>\n<ol start=\"3\">\n<li>Auskunft und L\u00f6schung:<\/li>\n<\/ol>\n<p>Sie haben jederzeit das Recht auf Auskunft \u00fcber die gespeicherten personenbezogenen Daten, ein Recht auf Berichtigung, Daten\u00fcbertragung, Widerspruch, Einschr\u00e4nkung der Bearbeitung und Sperrung oder L\u00f6schung unrichtiger oder unzul\u00e4ssig verarbeiteter Daten.<\/p>\n<p>Sie haben das Recht eine uns erteilte Einwilligung zur Nutzung Ihrer Daten jederzeit zu widerrufen.<\/p>\n<p>Sollten Sie der Auffassung sein, dass die von Ihnen bekanntgegebenen personenbezogenen Daten nicht nach den gesetzlichen Bestimmungen verarbeitet worden sein, haben Sie die M\u00f6glichkeit bei der Datenschutzbeh\u00f6rde eine Beschwerde einzubringen.<\/p>\n<ol start=\"4\">\n<li>Aufbewahrung der Daten:<\/li>\n<\/ol>\n<p>Die Daten werden gem\u00e4\u00df dem in den geltenden gesetzlichen Vorschriften vorgesehenen Zeitraum gespeichert. Wir werden die Daten nicht l\u00e4nger aufbewahren als dies zur Erf\u00fcllung unserer vertraglichen Verpflichtungen erforderlich ist.<\/p>\n<ol start=\"5\">\n<li>Cookies:<\/li>\n<\/ol>\n<p>Unsere Website verwendet \u201eCookies\u201c, um unser Angebot nutzerfreundlicher, effektiver und sicherer zu gestalten.<\/p>\n<p>Ein \u201eCookie\u201c ist eine kleine Textdatei, die wir \u00fcber unseren Web-Server an die Cookie-Datei des Browsers auf die Festplatte Ihres Computers \u00fcbermitteln. Damit wird es unserer Website erm\u00f6glicht, Sie als Nutzer wiederzuerkennen, wenn eine Verbindung zwischen unserem Web-Server und Ihrem Browser hergestellt wird. Cookies helfen uns dabei, die Nutzungsh\u00e4ufigkeit und die Anzahl der Nutzer unserer Internetseiten zu ermitteln. Der Inhalt der von uns verwendeten Cookies beschr\u00e4nkt sich auf eine Identifikationsnummer, die keine Personenbeziehbarkeit mehr auf den Nutzer zul\u00e4sst. Der Hauptzweck eines Cookies ist die Erkennung der Besucher der Website. Zwei Arten von Cookies werden auf dieser Website verwendet:<\/p>\n<ul>\n<li>Session Cookies: Das sind tempor\u00e4re Cookies, die bis zum Verlassen unserer Website in der Cookie-Datei Ihres Browsers verweilen und nach Ende Ihres Besuchs automatisch gel\u00f6scht werden.<\/li>\n<li>Dauerhafte Cookies: F\u00fcr eine bessere Benutzerfreundlichkeit bleiben Cookies auf Ihrem Endger\u00e4t gespeichert und erlauben es uns, Ihren Browser beim n\u00e4chsten Besuch wiederzuerkennen.<\/li>\n<\/ul>\n<p>Sie k\u00f6nnen Ihren Browser so einstellen, dass Sie \u00fcber das Setzen von Cookies informiert werden und Cookies nur im Einzelfall erlauben, die Annahme von Cookies f\u00fcr bestimmte F\u00e4lle oder generell ausschlie\u00dfen sowie das automatische L\u00f6schen der Cookies beim Schlie\u00dfen des Browsers aktivieren. Bei der Deaktivierung von Cookies kann die Funktionalit\u00e4t dieser Website eingeschr\u00e4nkt sein.<\/p>\n<ol start=\"6\">\n<li>Server-Log-Files:<\/li>\n<\/ol>\n<p>Zur Optimierung dieser Website in Bezug auf die System-Performance, Benutzerfreundlichkeit und Bereitstellung von n\u00fctzlichen Informationen \u00fcber unsere Dienstleistungen erhebt und speichert der Provider der Website automatisch Informationen in so genannten Server-Log Files, die Ihr Browser automatisch an uns \u00fcbermittelt. Davon umfasst sind Ihre Internet-Protokoll Adresse (IP-Adresse), Browser und Spracheinstellung, Betriebssystem, Referrer URL, Ihr Internet Service Provider und Datum\/Uhrzeit.<\/p>\n<p>Eine Zusammenf\u00fchrung dieser Daten mit personenbezogenen Datenquellen wird nicht vorgenommen. Wir behalten uns vor, diese Daten nachtr\u00e4glich zu pr\u00fcfen, wenn uns konkrete Anhaltspunkte f\u00fcr eine rechtswidrige Nutzung bekannt werden.<\/p>\n<ol start=\"7\">\n<li>Social Media Buttons:<\/li>\n<\/ol>\n<p>In unserer Website sind Social Media Buttons eingebunden. Wenn Sie diese sozialen Netzwerke nutzen, wird Ihr Browser automatisch mit dem betreffenden Netzwerk verbunden. Er \u00fcbermittelt dabei Ihre IP-Adresse und auch andere Informationen, wie z. B. Cookies, wenn Sie die betreffende Plattform bereits zuvor besucht haben.<\/p>\n<p>Soweit m\u00f6glich, vermeiden wir diese Art von Daten\u00fcbertragung so lange, bis Sie mit einer der Plattformen tats\u00e4chlich interagieren. Durch Anklicken des betreffenden Symbols (z. B. Facebook-Logo) geben Sie an, dass Sie bereit sind, mit der ausgew\u00e4hlten Plattform zu kommunizieren, und dass Informationen \u00fcber Sie, etwa Ihre IP-Adresse, diesem sozialen Netzwerk \u00fcbermittelt werden.<\/p>\n<ol start=\"8\">\n<li>Sie erreichen uns unterfolgenden Kontaktdaten:<\/li>\n<\/ol>\n<p>Englische Spielschule<\/p>\n<p>Spittelwiese 15<\/p>\n<p>4020 Linz<\/p>\n<p>Tel.: +43\u00a0732 775855<\/p>\n<p>E-Mail: <a href=\"mailto:office@playschool.at\">office@playschool.at<\/a><\/p>\n<\/div><div class=\"fusion-clearfix\"><\/div><\/div><\/div><\/div><\/div><div class=\"fusion-fullwidth fullwidth-box fusion-builder-row-3 fusion-parallax-none nonhundred-percent-fullwidth non-hundred-percent-height-scrolling\" style=\"--awb-border-radius-top-left:0px;--awb-border-radius-top-right:0px;--awb-border-radius-bottom-right:0px;--awb-border-radius-bottom-left:0px;--awb-padding-top:175px;--awb-padding-right:0px;--awb-padding-bottom:175px;--awb-padding-left:0px;--awb-background-image:url(&quot;http:\/\/www.playschool.at\/home\/wordpress1\/wp-content\/uploads\/2016\/06\/about_section_2.jpg&quot;);--awb-background-size:cover;--awb-border-sizes-top:0px;--awb-border-sizes-bottom:0px;--awb-flex-wrap:wrap;\" ><div class=\"fusion-builder-row fusion-row\"><\/div><\/div><\/p>\n","protected":false},"excerpt":{"rendered":"","protected":false},"author":1,"featured_media":0,"parent":0,"menu_order":0,"comment_status":"closed","ping_status":"closed","template":"100-width.php","meta":{"footnotes":""},"tags":[],"class_list":["post-1506","page","type-page","status-publish","hentry"],"yoast_head":"<!-- This site is optimized with the Yoast SEO plugin v27.5 - https:\/\/yoast.com\/product\/yoast-seo-wordpress\/ -->\n<title>Datenschutz - Playschool - Englische - Spielschule - Linz - Kindergarten<\/title>\n<meta name=\"robots\" content=\"index, follow, max-snippet:-1, max-image-preview:large, max-video-preview:-1\" \/>\n<link rel=\"canonical\" href=\"https:\/\/www.playschool.at\/home\/wordpress1\/datenschutz\/\" \/>\n<meta property=\"og:locale\" content=\"de_DE\" \/>\n<meta property=\"og:type\" content=\"article\" \/>\n<meta property=\"og:title\" content=\"Datenschutz - Playschool - Englische - Spielschule - Linz - Kindergarten\" \/>\n<meta property=\"og:url\" content=\"https:\/\/www.playschool.at\/home\/wordpress1\/datenschutz\/\" \/>\n<meta property=\"og:site_name\" content=\"Playschool - Englische - Spielschule - Linz - Kindergarten\" \/>\n<meta property=\"article:modified_time\" content=\"2018-06-18T06:11:31+00:00\" \/>\n<meta name=\"twitter:card\" content=\"summary_large_image\" \/>\n<meta name=\"twitter:label1\" content=\"Gesch\u00e4tzte Lesezeit\" \/>\n\t<meta name=\"twitter:data1\" content=\"6\u00a0Minuten\" \/>\n<script type=\"application\/ld+json\" class=\"yoast-schema-graph\">{\"@context\":\"https:\\\/\\\/schema.org\",\"@graph\":[{\"@type\":\"WebPage\",\"@id\":\"https:\\\/\\\/www.playschool.at\\\/home\\\/wordpress1\\\/datenschutz\\\/\",\"url\":\"https:\\\/\\\/www.playschool.at\\\/home\\\/wordpress1\\\/datenschutz\\\/\",\"name\":\"Datenschutz - Playschool - Englische - Spielschule - Linz - Kindergarten\",\"isPartOf\":{\"@id\":\"https:\\\/\\\/www.playschool.at\\\/home\\\/wordpress1\\\/#website\"},\"datePublished\":\"2017-07-04T13:04:16+00:00\",\"dateModified\":\"2018-06-18T06:11:31+00:00\",\"breadcrumb\":{\"@id\":\"https:\\\/\\\/www.playschool.at\\\/home\\\/wordpress1\\\/datenschutz\\\/#breadcrumb\"},\"inLanguage\":\"de\",\"potentialAction\":[{\"@type\":\"ReadAction\",\"target\":[\"https:\\\/\\\/www.playschool.at\\\/home\\\/wordpress1\\\/datenschutz\\\/\"]}]},{\"@type\":\"BreadcrumbList\",\"@id\":\"https:\\\/\\\/www.playschool.at\\\/home\\\/wordpress1\\\/datenschutz\\\/#breadcrumb\",\"itemListElement\":[{\"@type\":\"ListItem\",\"position\":1,\"name\":\"Startseite\",\"item\":\"https:\\\/\\\/www.playschool.at\\\/home\\\/wordpress1\\\/\"},{\"@type\":\"ListItem\",\"position\":2,\"name\":\"Datenschutz\"}]},{\"@type\":\"WebSite\",\"@id\":\"https:\\\/\\\/www.playschool.at\\\/home\\\/wordpress1\\\/#website\",\"url\":\"https:\\\/\\\/www.playschool.at\\\/home\\\/wordpress1\\\/\",\"name\":\"Playschool - Englische - Spielschule - Linz - Kindergarten\",\"description\":\"Spittelwiese 15, 4020 Linz\",\"potentialAction\":[{\"@type\":\"SearchAction\",\"target\":{\"@type\":\"EntryPoint\",\"urlTemplate\":\"https:\\\/\\\/www.playschool.at\\\/home\\\/wordpress1\\\/?s={search_term_string}\"},\"query-input\":{\"@type\":\"PropertyValueSpecification\",\"valueRequired\":true,\"valueName\":\"search_term_string\"}}],\"inLanguage\":\"de\"}]}<\/script>\n<!-- \/ Yoast SEO plugin. -->","yoast_head_json":{"title":"Datenschutz - Playschool - Englische - Spielschule - Linz - Kindergarten","robots":{"index":"index","follow":"follow","max-snippet":"max-snippet:-1","max-image-preview":"max-image-preview:large","max-video-preview":"max-video-preview:-1"},"canonical":"https:\/\/www.playschool.at\/home\/wordpress1\/datenschutz\/","og_locale":"de_DE","og_type":"article","og_title":"Datenschutz - Playschool - Englische - Spielschule - Linz - Kindergarten","og_url":"https:\/\/www.playschool.at\/home\/wordpress1\/datenschutz\/","og_site_name":"Playschool - Englische - Spielschule - Linz - Kindergarten","article_modified_time":"2018-06-18T06:11:31+00:00","twitter_card":"summary_large_image","twitter_misc":{"Gesch\u00e4tzte Lesezeit":"6\u00a0Minuten"},"schema":{"@context":"https:\/\/schema.org","@graph":[{"@type":"WebPage","@id":"https:\/\/www.playschool.at\/home\/wordpress1\/datenschutz\/","url":"https:\/\/www.playschool.at\/home\/wordpress1\/datenschutz\/","name":"Datenschutz - Playschool - Englische - Spielschule - Linz - Kindergarten","isPartOf":{"@id":"https:\/\/www.playschool.at\/home\/wordpress1\/#website"},"datePublished":"2017-07-04T13:04:16+00:00","dateModified":"2018-06-18T06:11:31+00:00","breadcrumb":{"@id":"https:\/\/www.playschool.at\/home\/wordpress1\/datenschutz\/#breadcrumb"},"inLanguage":"de","potentialAction":[{"@type":"ReadAction","target":["https:\/\/www.playschool.at\/home\/wordpress1\/datenschutz\/"]}]},{"@type":"BreadcrumbList","@id":"https:\/\/www.playschool.at\/home\/wordpress1\/datenschutz\/#breadcrumb","itemListElement":[{"@type":"ListItem","position":1,"name":"Startseite","item":"https:\/\/www.playschool.at\/home\/wordpress1\/"},{"@type":"ListItem","position":2,"name":"Datenschutz"}]},{"@type":"WebSite","@id":"https:\/\/www.playschool.at\/home\/wordpress1\/#website","url":"https:\/\/www.playschool.at\/home\/wordpress1\/","name":"Playschool - Englische - Spielschule - Linz - Kindergarten","description":"Spittelwiese 15, 4020 Linz","potentialAction":[{"@type":"SearchAction","target":{"@type":"EntryPoint","urlTemplate":"https:\/\/www.playschool.at\/home\/wordpress1\/?s={search_term_string}"},"query-input":{"@type":"PropertyValueSpecification","valueRequired":true,"valueName":"search_term_string"}}],"inLanguage":"de"}]}},"_links":{"self":[{"href":"https:\/\/www.playschool.at\/home\/wordpress1\/wp-json\/wp\/v2\/pages\/1506","targetHints":{"allow":["GET"]}}],"collection":[{"href":"https:\/\/www.playschool.at\/home\/wordpress1\/wp-json\/wp\/v2\/pages"}],"about":[{"href":"https:\/\/www.playschool.at\/home\/wordpress1\/wp-json\/wp\/v2\/types\/page"}],"author":[{"embeddable":true,"href":"https:\/\/www.playschool.at\/home\/wordpress1\/wp-json\/wp\/v2\/users\/1"}],"replies":[{"embeddable":true,"href":"https:\/\/www.playschool.at\/home\/wordpress1\/wp-json\/wp\/v2\/comments?post=1506"}],"version-history":[{"count":8,"href":"https:\/\/www.playschool.at\/home\/wordpress1\/wp-json\/wp\/v2\/pages\/1506\/revisions"}],"predecessor-version":[{"id":3104,"href":"https:\/\/www.playschool.at\/home\/wordpress1\/wp-json\/wp\/v2\/pages\/1506\/revisions\/3104"}],"wp:attachment":[{"href":"https:\/\/www.playschool.at\/home\/wordpress1\/wp-json\/wp\/v2\/media?parent=1506"}],"wp:term":[{"taxonomy":"post_tag","embeddable":true,"href":"https:\/\/www.playschool.at\/home\/wordpress1\/wp-json\/wp\/v2\/tags?post=1506"}],"curies":[{"name":"wp","href":"https:\/\/api.w.org\/{rel}","templated":true}]}}